4. Determine c(55).
-11
Let d(x) = 34*x + 240. Calculate d(-11).
-134
Let g(o) = -181*o + 1673. Calculate g(6).
587
Let m(z) = -z**2 - 70*z - 474. What is m(-63)?
-33
Let a(v) = -2*v**2 + v + 185. Determine a(13).
-140
Let v(i) = 348*i - 26437. Determine v(76).
11
Let n(i) = -2*i**3 + 6*i**2 + 10*i - 29. Give n(4).
-21
Let k(r) = 2*r**3 - 7*r**2 - 26*r + 107. What is k(6)?
131
Let j(l) = l**3 - 7*l**2 + 55*l + 18. Give j(9).
675
Let i(m) = -27*m - 138. Give i(-5).
-3
Let g(d) = 270*d + 112. Give g(0).
112
Let z(w) = 2*w**3 - 13*w**2 + 10*w - 29. Determine z(6).
-5
Let h(u) = 3*u**3 - 11*u**2 - 7*u + 35. Calculate h(5).
100
Let l(u) = u**2 + 5*u - 249. What is l(9)?
-123
Let k(t) = t**2 + 5674*t - 45466. Determine k(8).
-10
Let y(b) = 5*b**2 - 30*b - 2. Give y(6).
-2
Let b(y) = 32*y**2 + 1202*y + 9614. What is b(-26)?
-6
Let p(x) = -9*x**3 - 828*x**2 - 2*x - 217. Determine p(-92).
-33
Let w(s) = -1581*s - 20575. Give w(-13).
-22
Let t(p) = 1231*p - 17249. Determine t(14).
-15
Let d(p) = 4659*p + 37264. What is d(-8)?
-8
Let r(l) = -1957*l - 11743. Calculate r(-6).
-1
Let v(n) = 3*n**3 + 13*n**2 + 32*n + 115. Determine v(-5).
-95
Let z(q) = -q**3 - 34*q**2 - 166*q + 49. Determine z(-28).
-7
Let d(s) = -2*s**2 - 48*s - 26. Determine d(-25).
-76
Let m(s) = -163*s - 2614. What is m(-16)?
-6
Let c(z) = 918*z**2 + 915*z - 4. Give c(-1).
-1
Let k(d) = -90*d - 2681. Calculate k(-30).
19
Let q(b) = b**2 - 203*b - 9716. Calculate q(-40).
4
Let s(v) = -8*v**2 + 45*v + 295. What is s(-7)?
-412
Let v(q) = -2*q**2 + 16*q + 63. Determine v(-7).
-147
Let w(z) = -z**3 + 32*z**2 - 60*z - 47. Determine w(30).
-47
Let n(y) = y**3 - 16*y**2 + 32*y - 26. Determine n(13).
-117
Let l(r) = 2*r**3 + 11*r**2 + 5*r + 140. Determine l(-10).
-810
Let p(b) = -9*b**2 + 138*b + 195. Give p(15).
240
Let u(h) = -h**2 - 88*h - 96. What is u(-1)?
-9
Let s(l) = 16*l**2 + l + 112. Give s(0).
112
Let s(v) = -v**3 + 17*v**2 + 22*v - 83. Give s(4).
213
Let p(h) = 2*h**2 - 5*h - 56. Calculate p(4).
-44
Let n(a) = -a**3 - 21*a**2 + 100*a + 1698. Determine n(-22).
-18
Let w(r) = -r**2 - 21*r + 435. What is w(14)?
-55
Let m(i) = i**3 + 5*i**2 + 17*i + 57. Calculate m(-4).
5
Let u(w) = -w**3 + 20*w**2 + 163*w + 16. What is u(-6)?
-26
Let v(r) = -r**2 + 12*r + 259. Calculate v(23).
6
Let s(d) = 4*d**2 + 29*d + 16. Determine s(-12).
244
Let h(r) = r**3 - 31*r**2 + 19*r + 292. What is h(30)?
-38
Let n(c) = 12*c**2 + 9*c + 23. Determine n(-5).
278
Let u(t) = -38*t + 1372. Determine u(24).
460
Let q(i) = -70*i + 574. Calculate q(9).
-56
Let d(s) = s**2 - 50*s - 283. Determine d(-5).
-8
Let f(y) = -2*y**3 + 45*y**2 - 67*y + 132. Give f(21).
48
Let k(a) = a**3 - 7*a**2 - 116*a + 27. What is k(-8)?
-5
Let h(l) = 2*l**2 - 32*l - 61. What is h(15)?
-91
Let n(p) = 7*p + 254. Give n(-30).
44
Let t(m) = m**3 + 20*m**2 - 17*m + 43. Determine t(-21).
-41
Let j(g) = g**3 + 9*g**2 - 222*g - 134. Calculate j(-20).
-94
Let z(l) = -37*l - 168. Determine z(-3).
-57
Let z(r) = r**3 + 25*r**2 - 52*r - 8. Calculate z(-27).
-62
Let h(g) = -2*g**3 + 16*g**2 + 2*g - 26. What is h(9)?
-170
Let c(y) = -y**2 - 53*y - 397. Calculate c(-37).
195
Let x(k) = 41*k - 244. Give x(5).
-39
Let r(j) = 6*j**2 + 163*j - 1477. Calculate r(7).
-42
Let u(f) = -f**3 + 26*f**2 + 35*f - 209. Give u(27).
7
Let y(w) = 9895*w - 89056. What is y(9)?
-1
Let f(n) = n**3 + 41*n**2 + 114*n + 21. What is f(-3)?
21
Let m(a) = -60*a - 995. Determine m(-17).
25
Let s(q) = -52*q + 275. Give s(4).
67
Let b(i) = -i**2 - 13*i - 88. Give b(-14).
-102
Let z(r) = -2*r**3 + 23*r**2 + 308*r - 51. Give z(-8).
-19
Let x(u) = 366*u**2 - 12443*u - 44. Calculate x(34).
-10
Let a(z) = -11*z + 416. Give a(9).
317
Let t(j) = 1249*j - 3695. Calculate t(3).
52
Let h(a) = a + 21. Calculate h(7).
28
Let q(o) = o**3 + 8*o**2 + 13*o - 36. What is q(-10)?
-366
Let f(z) = -82*z**3 - 2. Determine f(-1).
80
Let o(c) = 2*c**2 - 9*c + 92. What is o(9)?
173
Let a(u) = -81*u**2 + 14*u + 24. Calculate a(-3).
-747
Let d(w) = 2*w**3 + 13*w**2 + 31*w + 39. What is d(-4)?
-5
Let b(g) = g**3 + 158*g**2 + 164*g + 1098. Determine b(-157).
-1
Let o(s) = s**2 - 17*s - 3149. Calculate o(65).
-29
Let z(f) = 3*f**2 - 62*f - 440. Determine z(25).
-115
Let a(c) = 2*c**3 - 7*c**2 + 7*c + 15. Determine a(4).
59
Let d(v) = 13*v - 502. Calculate d(49).
135
Let q(b) = 9*b**3 + b**2 - 2. Calculate q(1).
8
Let z(d) = -7*d**3 + 77*d**2 + 8*d - 15. Give z(11).
73
Let k(t) = 4*t**3 - 120*t**2 + 866*t - 39. Determine k(12).
-15
Let r(t) = t**3 + 31*t**2 + 187*t + 11. Calculate r(-8).
-13
Let j(k) = 11*k**3 - k**2 - 4*k - 15. Determine j(-2).
-99
Let b(j) = -9*j**2 + 24*j + 176. Calculate b(6).
-4
Let w(t) = 16*t**2 - 596*t - 486. Determine w(38).
-30
Let g(z) = 2*z + 97. What is g(-6)?
85
Let x(h) = 7*h**2 + 250*h + 1815. Determine x(-10).
15
Let v(b) = b**2 - 54*b + 410. Determine v(20).
-270
Let l(j) = 8*j + 252. Give l(-31).
4
Let f(h) = -h**3 - 11*h**2 + 22*h - 41. Give f(-13).
11
Let o(h) = -h**3 + 13*h**2 - 12*h + 9. Determine o(10).
189
Let i(d) = -4*d**2 + 52*d + 532. What is i(-8)?
-140
Let v(g) = 280*g - 54. Give v(-1).
-334
Let k(u) = 3*u**2 - 64*u - 122. Determine k(23).
-7
Let n(d) = 11*d**3 - 8*d**2 + 17. What is n(3)?
242
Let p(d) = 578*d + 1158. What is p(-2)?
2
Let r(v) = -7*v**2 - 189*v - 37. Give r(-27).
-37
Let k(s) = -2*s**2 - 552*s - 3231. Give k(-270).
9
Let d(b) = -628*b - 4406. What is d(-7)?
-10
Let l(z) = -6*z**3 + 77*z**2 + 20*z - 64. Give l(13).
27
Let x(l) = -2*l**3 + 159*l**2 - 1559*l - 316. What is x(68)?
24
Let s(o) = o**3 + 14*o**2 + 46*o + 16. Calculate s(-11).
-127
Let l(q) = -q**3 - 32*q**2 - 108*q - 20. Determine l(-27).
-749
Let h(a) = -a - 70. Determine h(-4).
-66
Let p(b) = b**3 - 13*b**2 - 41*b + 7. Determine p(7).
-574
Let l(f) = -3*f**2 - 31*f + 121. What is l(-14)?
-33
Let l(t) = 30574*t - 91714. Give l(3).
8
Let m(g) = g**3 - 6*g**2 + 474*g - 2355. Calculate m(5).
-10
Let r(o) = -14*o**2 - 37*o + 39. What is r(-3)?
24
Let i(w) = w**3 + 11*w**2 + 23*w + 53. Determine i(-6).
95
Let i(v) = v**2 + 1013*v - 60983. Calculate i(57).
7
Let d(l) = -2*l**3 + 14*l**2 - 3*l + 15. Determine d(8).
-137
Let o(i) = -75*i + 244. Give o(2).
94
Let w(a) = -28*a + 653. Calculate w(0).
653
Let n(r) = -78*r - 756. Determine n(-10).
24
Let f(m) = 2*m**3 - 20*m**2 - 35*m - 34. Calculate f(12).
122
Let n(v) = 334*v - 4712. Calculate n(14).
-36
Let m(l) = -l**2 - 8710*l + 34861. Give m(4).
5
Let o(p) = 3*p**3 - p**2 + 22*p + 46. Give o(-3).
-110
Let i(q) = -2*q**2 + 69*q - 546. Give i(22).
4
Let u(n) = -n**3 - 11*n**2 - 23*n - 9. What is u(-1)?
4
Let q(s) = -s**3 + 17*s**2 + 350*s - 6063. Determine q(18).
-87
Let y(t) = -t**3 + 11*t**2 + 7. Determine y(11).
7
Let g(v) = -3*v**3 + 163*v**2 + 104*v + 321. Calculate g(55).
-9
Let j(n) = -n**3 + 14*n**2 - 22*n - 21. Calculate j(4).
51
Let d(r) = -r**2 - 178*r - 4771. Give d(-33).
14
Let q(j) = -j**3 - 10*j**2 + 9*j + 7. Give q(-6).
-191
Let v(d) = 2*d**3 + 28*d**2 + 39*d + 52. What is v(-12)?
160
Let d(n) = -2*n**2 + 4*n + 19. What is d(-11)?
-267
Let g(h) = 48*h**3 - 7*h**2 + 4*h + 2. Calculate g(-1).
-57
Let l(w) = -w**2 + 32*w + 1749. Calculate l(61).
-20
Let n(w) = -22*w - 843. What is n(-38)?
-7
Let r(y) = 2835*y - 14140. Give r(5).
35
Let d(v) = 26*v - 158. Determine d(5).
-28
Let a(c) = -3*c**3 + 44*c**2 - 30*c + 34. What is a(14)?
6
Let g(w) = w**3 + 42*w**2 - 190*w - 206. Determine g(-46).
70
Let b(v) = -7*v**2 + 786*v - 226. Calculate b(112).
-2
Let b(h) = 136*h + 551. Give b(-4).
7
Let r(h) = -h**3 + 23*h**2 - 43*h + 34. Give r(21).
13
Let v(n) = -9*n - 218. Give v(-28).
34
Let o(t) = -3*t - 232. Determine o(-6).
-214
Let a(f) = -95*f - 953. What is a(-9)?
-98
Let w(q) = -q**2 - 122*q - 3698. Give w(-67).
-13
Let c(d) = d**3 + 31*d**2 - 28*d + 1259. Determine c(-33).
5
Let r(q) = -33*q**2 + 4*q - 7. What is r(2)?
-131
Let t(o) = o**3 - 60*o**2 - o + 58. What is t(60)?
-2
Let k(n) = 8*n**2 - 29*n + 15. What is k(13)?
990
Let y(j) = -5*j - 720. Calculate y(-149).
25
Let n(x) = 121*x + 463. Give n(-3).
100
Let d(v) = -50*v - 658. Determine d(-14).
42
Let g(a) = 298*a + 1495. Calculate g(-5).
5
Let c(x) = 3200*x + 41620. Give c(-13).
20
Let l(x) = x**3 - 56*x**2 + 455*x + 85. Calculate l(46).
-145
Let z(o) = 1779*o - 279304. De